Let i(p) = j*n(p) - h(p). What is i(0)?
-3
Let j(p) = -3*p + 2. Suppose 5*c - 12 = -4*z - 0*c, -4*z - 3*c + 12 = 0. Let i be 1 + 2/z*-6. Let h = i + 1. Give j(h).
8
Let j(v) = -7*v. Let y(u) = 14*u + 1. Let x(i) = -5*j(i) - 3*y(i). Let f be 16/(-9) + 2/(-9). What is x(f)?
11
Let j(v) be the third derivative of -v**5/120 + v**4/24 + v**3/6 - v**2. Let g(a) be the first derivative of j(a). Let c = 430 + -430. Give g(c).
1
Let j(o) = o**2 - 3 + 9 + 2*o - 2*o**2. Suppose 0 = -636*t + 574*t + 372. What is j(t)?
-18
Let o(a) be the third derivative of 0*a - 5/24*a**4 + 1/15*a**5 + 1/120*a**6 - 9*a**2 + 0 - 5/6*a**3. Determine o(-5).
-5
Let u(o) be the third derivative of 5*o**4/8 - o**3/6 - 11*o**2 + 2*o. Give u(-1).
-16
Let x(t) = 14*t - 2. Let d(o) = 3*o - 1. Let b(f) = 6*d(f) - x(f). What is b(-5)?
-24
Let y be (-54)/15*10/(-4). Suppose 3*t + c - 6*c - y = 0, t - c = 1. Let q(r) be the third derivative of r**6/120 + r**5/20 + r**4/24 - 2*r**2. What is q(t)?
2
Let s(y) = 14*y + 7. Let z(q) = -7*q - 3. Let h(i) = -2*s(i) - 5*z(i). Let k(p) = -6*p. Let x(a) = 5*h(a) + 6*k(a). Calculate x(7).
-2
Let l = 86 - 91. Let c(u) be the third derivative of -u**5/60 - 7*u**4/24 - u**3/3 + 4*u**2. Calculate c(l).
8
Let k(y) = 58 - 11*y**2 + 0*y - 57 - y. Determine k(1).
-11
Let d(p) be the second derivative of p**4/12 - 2*p**2 + 20*p + 1. Give d(2).
0
Let u(o) = 18*o - 38. Let x be u(2). Let j(r) = -5*r + 2. What is j(x)?
12
Suppose -5*g - 36 - 84 = 0. Let z be 6/g + (-26)/(-8). Suppose -5*b = 2*j - 4*j + 7, 3*j = 5*b + z. Let w(u) = u - 3. Calculate w(b).
-6
Let o(p) = 34*p + 26. Let u be o(-1). Let j(f) = -4*f - 8. Give j(u).
24
Let g(z) = 10*z - 107. Let j be ((-624)/(-2496))/(1/(-40)*-1). Give g(j).
-7
Let b(u) = -u - 7. Let h(i) = 3*i**2 - 3*i + 50. Let p(l) = -4*l**2 + 5*l - 75. Let f(q) = -7*h(q) - 5*p(q). Let n be f(4). What is b(n)?
0
Let v be ((-64)/(-64))/(2/(-6)). Let u(x) = 2*x**2 + 3*x + 1. What is u(v)?
10
Let x be (3 + -2)*-6 - 6. Let f(d) = d**3 + 11*d**2 - 12*d + 7. Determine f(x).
7
Let i(x) = -3*x + 12*x - 9*x - 1 - x**2. Let h(g) = -8*g**2 - g - 2. Let m(c) = -h(c) + 2*i(c). Calculate m(1).
7
Suppose -18*y - 57 = 69. Let m(p) = -p - 9. What is m(y)?
-2
Let p = -10 - -14. Let g(m) = -10*m**3 - 3*m**2 - 2*m - 40. Let l(r) = 7*r**3 + 3*r**2 + r + 28. Let d(h) = -5*g(h) - 7*l(h). Determine d(p).
-16
Let s = -12 - -15. Let t be (s/(-9))/((-10)/(-3) + -3). Let y(b) = 2*b**3 - b**2 - b. Determine y(t).
-2
Let v = 30 - 37. Let y be -8 - (v - -3) - 0. Let h(p) = 3*p + 1. Let o(x) = 5*x + 1. Let n(j) = -7*h(j) + 4*o(j). Calculate n(y).
1
Let k = 145 + -153. Let a(u) = u**3 + 8*u**2 - 3. Calculate a(k).
-3
Suppose o = 5*g + 1 + 2, -5*o + 15 = -4*g. Let t(n) be the third derivative of 0*n + g*n**5 + 1/20*n**6 - 5*n**2 + 1/6*n**3 - 1/24*n**4 + 0. Give t(1).
6
Let h be (-126)/(-10) - 9/15. Suppose -6*r + r = 4*i + h, -2*i - 16 = 5*r. Let b(m) = 143*m - 3 + 1 + 147*m - 285*m. Determine b(i).
8
Let w(p) = p**3 + 4*p**2 - p - 3. Suppose h + 25 = -4*h - 5*t, -3*h - 2*t - 16 = 0. Let g be 6*(h/(-18))/(6/(-9)). Determine w(g).
9
Let h(u) = -15*u - 12*u + 2 - 1. Let r = -12518 - -12517. Determine h(r).
28
Let w(i) = -2*i - 3. Let y(m) = -m**2 - 27*m + 34*m - 2 + 14. Let r(s) = 9*w(s) + 2*y(s). Calculate r(-3).
-9
Let w(i) be the second derivative of 2/3*i**4 + 6*i + 0 + 3/2*i**3 - 3*i**2 - 1/20*i**5. Calculate w(9).
-6
Suppose -54 = 12*h - 6*h. Let k be (8 + -9)*1*2 - h. Let t(c) = -c**3 + 6*c**2 + 6*c - 3. Give t(k).
-10
Let w(d) = -17*d + 4*d - 184 - 185 + 371. Determine w(1).
-11
Let l(h) be the second derivative of h**3/3 + 3*h**2 - 126*h. Calculate l(-6).
-6
Let d(a) = -a. Let b(u) = -u**2 - 6*u - 3. Let g(c) = -b(c) - 2*d(c). Suppose -3*f + 13*f + 40 = 0. Calculate g(f).
-13
Let t(d) be the second derivative of d**3/2 + d**2 - 2*d. Let l be (-11 + 5 - -13) + -5. Determine t(l).
8
Let t = 26 - 32. Let a be 4 + t*2/(-4). Let l(u) = u - 3. Give l(a).
4
Let g = -23 + 26. Suppose -f - 6 + 4 = -2*v, 3*f - g*v = -21. Let s = 11 + f. Let i(h) = -16*h**2 + 1. Give i(s).
-15
Let m = -328 + 310. Let x(j) = 3*j + 40. What is x(m)?
-14
Let g(k) = 2 + 0 + 10*k - 22*k + 22*k + 3. Calculate g(-4).
-35
Let s be 2/(17/(-19) - -1). Let p = s - 19. Let b(v) = -3 + 4*v**2 + p*v**2 + 39*v**3 + 4 - 40*v**3. Determine b(4).
1
Let g(o) = -o**2 + 8*o + 11. Let j(p) = -2*p - 1. Let c(a) = g(a) + 5*j(a). What is c(-6)?
-18
Let m(i) = -3*i**2 - 45*i - 46. Let h be m(-14). Let p(o) = -2*o**2 - 5*o - 1. What is p(h)?
-13
Let t(o) = -3*o + 9. Let k = 79 - 65. Suppose x + 2 = 0, v = 5*v + 5*x - k. What is t(v)?
-9
Let k(y) = 6 - 10 + 0*y - y. Suppose 4*o - l - 85 = -6*l, 5*o + 5*l = 105. Suppose -2*f = 2*f - o. Give k(f).
-9
Let g be (-16)/((9 - 17) + 4). Let w(b) = b**3 - 4*b**2 + b + 7. What is w(g)?
11
Let n(s) = -3*s + 3. Let i(k) = k**2 + 3*k + 4. Let d(j) = 2*j**2 + 3*j + 3. Let h(m) = 2*d(m) - 3*i(m). Let r be h(-2). What is n(r)?
-9
Suppose 319*d - 10 = 317*d. Let j(y) = -y**2 + 6*y + 5. What is j(d)?
10
Let l(r) = 3*r - 5*r - 88 + 95. Determine l(0).
7
Let k(t) = -2*t - 6. Let c be 25/(-15) - -1 - 8/6. Let v(l) = l + 3*l + 6 - 2*l. Let s(i) = c*v(i) - 3*k(i). Give s(-4).
-2
Let k(p) = -p**2 + 4*p + 1. Let z be (2 - (-50)/(-8))/(2/8). Let b = z - -22. Calculate k(b).
-4
Let a(b) = -2*b - 4. Suppose 4*m - 15 + 67 = 0. Let y(t) = 5*t**2 - 3*t + 2. Let u be y(2). Let h = u + m. Give a(h).
-10
Let u(w) be the second derivative of w**5/20 + 7*w**4/6 + 11*w**3/6 - 6*w**2 - 139*w. What is u(-13)?
14
Let k be (93/(-9) - -10)/(-1*3/(-90)). Let r(i) = 0*i - 3*i + 4*i + 4. Calculate r(k).
-6
Let k(f) = -16*f + 9. Let y(b) = 9*b - 5. Suppose 0*u - 4*u = 2*z + 22, -z = -5*u - 10. Let p(v) = z*y(v) - 3*k(v). Give p(5).
13
Let y(z) = 0*z**2 - z**2 - z - 4*z - 3. Let k(c) = -13*c + 27. Let l(o) = 38*o - 80. Let p(n) = 11*k(n) + 4*l(n). Let x be p(2). Calculate y(x).
-3
Suppose -15*c - q = -20*c - 30, -2*c = 4*q - 10. Let l(h) = -h**2 - 5*h + 3. Determine l(c).
3
Let z(d) = 4*d + 4. Let b be z(3). Suppose -k + b = 3*k + 4*a, 0 = k - 5*a - 4. Let o(v) = -v**2 + 2. Calculate o(k).
-14
Let h(x) = -x**2 + x**2 + 4*x**2 - 3*x**2 + 6*x + 4. Let g be (5/((-25)/30))/((-3)/(-2)). Give h(g).
-4
Suppose 0 = -3*q + 4*k - 46, 4*k = -0 + 16. Let j(g) = -11*g + 3*g**3 + 4*g**2 - 2*g**3 - 7 + 5*g**2. Give j(q).
3
Let u(x) = -x**3 + 4*x**2 - 5*x + 3. Suppose 3*t = f + 14, 4*t - 73*f = -76*f + 10. Determine u(t).
-17
Let f(d) = -11*d + 6. Let g be f(2). Let z be 4/(-6)*4/(g/(-12)). Let n(s) = -7*s - 1. Calculate n(z).
13
Let n(z) = 2*z - 3. Suppose -5*f + 2 = -3, -2*f = 4*a - 10. Suppose j + 18 = -7*t + a*t, -6 = 2*t. Give n(j).
-9
Let w be (-17)/(-2) - (-1)/(-2). Let d(h) = -h**3 + 7*h**2 + 9*h - 6. Let g be d(w). Let x(s) = 4 + 1 + 0*s + s - g. Calculate x(-6).
-3
Suppose -5*j - 2*v + 7*v + 40 = 0, 2*j = -2*v + 20. Let a be (-9 + j)/(1*-1). Let y(o) = 6*o**2 + o**3 + 0 - 2*o + 10*o + 4 + a*o**3. What is y(-5)?
-11
Suppose m + 0*m + 8 = 2*o, 0 = -o + 3*m + 9. Suppose 2*d + 5 = o*d. Let a(r) be the second derivative of r**5/20 - 5*r**4/12 - r**3/6 - r**2/2 + r. Give a(d).
-6
Let t be 4/((-1)/1*-4) - -4. Let s be 22/t + 3*(-4)/(-20). Let k(i) = -i**3 - 1 + 0 - 3 + 4*i**2 + 7*i. Give k(s).
6
Let x(s) = -12*s**2 - 3*s - 1. Suppose -3*l = -5*l + 8, 12 = -4*z + 5*l. Let b(p) = 49*p**2 + 13*p + 4. Let w(k) = z*b(k) + 9*x(k). Determine w(-1).
-10
Let b(i) be the third derivative of 5*i**4/12 - i**3/2 + 30*i**2. Determine b(4).
37
Let h(a) = -2 - a**2 + 0*a**2 - 2*a + 0*a**2. Give h(-2).
-2
Let s(h) = h**2 + 8*h + 7. Let n(r) = -r + 1. Let u be n(3). Let l(q) = -5*q - 3. Let b be l(u). Let j = b - 13. Determine s(j).
-5
Let s(l) = -3*l - 6. Suppose 17*r = 142 + 11. Determine s(r).
-33
Let s(d) = 2*d + 4. Let r be (-4)/6 - 52/(-6). Determine s(r).
20
Let f(l) be the first derivative of 2*l**3/3 + l**2/2 - 4. Calculate f(1).
3
Suppose -3*t = 2*t - 10. Let q be 2 + (-2 - 66*t). Let s be 2/(-7) + q/28. Let y(l) = l**3 + 5*l**2 + l + 4. Determine y(s).
-1
Let g = 8 + -2. Let b(a) = -3*a - 31. Let i(x) = -2*x - 18. Let o(v) = -6*b(v) + 10*i(v). Calculate o(g).
-6
Let a(d) = 378*d - 747*d + 374*d - 4. Give a(5).
21
Let m(z) = -z**2 + 7*z. Let d be m(7). Suppose -5*r = -2*w + 34, -r - 23 = -d*w + 5*w. Let f be 24/(-11) - r/4